rime factors of k(-46)?
3, 17, 613
Let d(r) = 49*r**3 - r**2 - 2*r + 2. Let q be d(1). Let i = q - -186. List the prime factors of i.
2, 3, 13
Suppose 77 = -3*v + 185. Suppose f - v = -4*s, 0 = -4*f - s + 4*s + 87. Let c = 23 + f. What are the prime factors of c?
47
Let j(v) = -19*v - 148. Let y be j(-8). Suppose 1130 = 2*s + y*x, -3*x + 0*x - 580 = -s. What are the prime factors of s?
571
Suppose 8*y + 559608 = 11*y + 21*y. What are the prime factors of y?
7, 3331
Suppose 173*n - 4632992 = -128*n. List the prime factors of n.
2, 13, 37
Suppose 3*p + 10 = 49. Suppose 5*u = p + 2, 3*u - 1 = -4*q. What are the prime factors of (-82)/(-1*(-1)/q)?
2, 41
Suppose 16*j - 35*j = -49780. Let k = -1544 + j. List the prime factors of k.
2, 269
Let s(x) = -18*x + 4388. What are the prime factors of s(-121)?
2, 7, 67
Suppose 0 = -61*s + 73*s - 56136. What are the prime factors of s?
2, 2339
Let p(i) = -i**3 - 18*i**2 + 3*i + 14. Let s be p(-18). Let o = s + 38. What are the prime factors of (5 + -6)/(o/338)?
13
Let m(p) = -180*p - 65. Let s = -426 + 422. List the prime factors of m(s).
5, 131
Suppose 219*r - 3 = 218*r. Suppose 5*v - 2*o - 21 = 836, -r*o - 680 = -4*v. What are the prime factors of v?
173
Let b be -2 + 38*1/(-2). Let o = -21 - b. Suppose h - 24 = -o*h. What are the prime factors of h?
2, 3
Suppose -48*o - 160*o + 6914493 = 101*o. What are the prime factors of o?
3, 7459
Let v(j) = j**3 - 5*j**2 - 12*j - 3. Let c be v(7). Suppose 14*b = c*b + 9. Let f(t) = 15*t**2 - 4*t + 5. What are the prime factors of f(b)?
2
Let y = 623 - 704. Suppose 722 = 5*a + 2*b, 2*b + 2*b + 162 = a. Let o = y + a. List the prime factors of o.
5, 13
Let w be 5 + (-6 - -3)*10/3. Let a(x) = -6*x**3 - 9*x + 5. What are the prime factors of a(w)?
2, 5
Suppose 56908 = 7*l + 34*l. What are the prime factors of l?
2, 347
Let o(v) = 1. Let c(t) = t**3 - 4*t**2 + 3*t + 13. Let j(y) = c(y) - 4*o(y). Let f be j(4). Suppose f*i - 513 = 18*i. List the prime factors of i.
3, 19
Let n(z) = 371*z**2 - z - 13. What are the prime factors of n(-6)?
7, 1907
Let p = -139 - -83. Suppose 2016 = 9*f + 12*f. Let h = f + p. What are the prime factors of h?
2, 5
What are the prime factors of (17 - (7 - -3)) + (-4664)/(-2)?
2339
Suppose 35 = -i + 5*i + u, -4*u = 3*i - 23. Suppose -3*b - i*x = -6*x - 318, 0 = 4*b + 5*x - 427. Let o = 114 - b. What are the prime factors of o?
11
Suppose 9612 = v - 2*m, -72*v - m - 38462 = -76*v. List the prime factors of v.
2, 601
Let a = -590 + 590. Suppose -29*w + 24*w + 10225 = a. List the prime factors of w.
5, 409
Suppose h = 2*i - 4454, -7*h = -3*i - 3*h + 6671. What are the prime factors of i?
3, 743
Suppose i + l + 7 = -3*i, -2 = -i - 4*l. Let k(m) = -2*m - 7. Let y be k(i). Let j = y - -24. What are the prime factors of j?
3, 7
Let t(f) = 4632*f + 285. What are the prime factors of t(6)?
3, 7, 191
Let d(y) = 3*y**3 + 15*y**2 - 51*y - 30. What are the prime factors of d(14)?
2, 3, 11, 79
Let s(m) = -483*m**2 - 2*m - 2. Let c be s(1). Let q = -140 - c. List the prime factors of q.
347
Let l(t) = 2*t + 18. Suppose 0 = -6*h - 61 + 7. Let q be l(h). Suppose -3*r = 3*v - 339, 4*v - 3*r - 2*r - 479 = q. List the prime factors of v.
2, 29
Suppose -3*q + 53 = -61. Suppose q*x - 1661 = 16579. What are the prime factors of x?
2, 3, 5
Let m = 1069 - 1151. Let k be 0 - (3 - (0 - -92)). Let z = k + m. List the prime factors of z.
7
Let z = 36 - 31. Suppose z*v + 8 - 33 = 0, -22 = o - 4*v. List the prime factors of o - ((-6)/2 - 63).
2
Suppose 0 = 4*h + s + 2*s - 80, 3*h + 3*s - 63 = 0. Suppose -15*w + 6 = -h*w. What are the prime factors of ((-289)/w - 6/(-9)) + -3?
2, 47
Let x = 33 + -17. Let q = 19 - x. Let b = q - -63. What are the prime factors of b?
2, 3, 11
Suppose -31*y - 293 = 823. Let n = 48 + y. What are the prime factors of n?
2, 3
Suppose -7 = -2*p + 1. Let m(f) = -2*f + 26. Let v be m(-6). Suppose h - 2*d - 14 = -d, p*h = -2*d + v. What are the prime factors of h?
11
Let t = 30827 + -15881. List the prime factors of t.
2, 3, 47, 53
Let b(j) = 2*j**2 - 4*j - 7. Let a be b(4). Suppose -2*s = 5*u - 366, 4*s = -a*u + 4*u + 732. List the prime factors of s.
3, 61
Suppose -16*c = -5*c - 22. Let j be 1055/(-2)*1*c*-2. Suppose -j + 514 = -14*a. List the prime factors of a.
2, 3, 19
What are the prime factors of (66393/36*2/(-6)*-4)/1?
2459
Let b(t) = 9*t**2 + 7*t - 1103. Let h(y) = -4*y**2 - 4*y + 551. Let z(l) = 3*b(l) + 7*h(l). List the prime factors of z(0).
2, 137
Let p(j) = -j**2 - 18*j + 20. Let a be p(-19). Let l(c) = 1558*c. List the prime factors of l(a).
2, 19, 41
List the prime factors of (-66)/(-231)*14/(-6)*-64155.
2, 5, 7, 13, 47
Suppose f + 5*b = 102, -4*b = -15*f + 16*f - 97. Suppose 17*h = f*h - 65640. List the prime factors of h.
2, 547
Let n = -7492 - -18465. List the prime factors of n.
10973
Let v be (8/3)/((-22)/(-33)). Suppose -2 + 14 = v*h. Suppose 4*q - q - 153 = -h*p, -5*q + 241 = -2*p. List the prime factors of q.
7
Suppose 0 = 4*t - 106*t + 82926. What are the prime factors of t?
3, 271
Let g(o) = -o**2 - 12*o - 8. Let v be g(-11). Suppose 0 = -5*q + v*d + 22, 4*q - 19 = d. Let a = q + 19. What are the prime factors of a?
2, 3
Suppose -5432 = -3*r + 5878. List the prime factors of r.
2, 5, 13, 29
Suppose 55*u = 57*u + 4*m - 2, 5*u - 4*m - 33 = 0. Suppose 4*y + 4*h = 3308, u*y + 5*h - 4159 = 8*h. List the prime factors of y.
2, 5, 83
Suppose 7*r - 559 - 1065 = 0. Suppose -2*z - p + 531 = 0, -z + 36 = p - r. List the prime factors of z.
263
Let u(q) be the third derivative of q**5/60 - 5*q**4/24 - 5*q**3/6 + 82*q**2. Suppose 5*m - 6 = 6*m. List the prime factors of u(m).
61
Let d(j) = -4*j**2 + 9*j + 10. Let a be d(7). Let z be 2*(2 - 852/8). Let i = a - z. What are the prime factors of i?
2, 43
Suppose -30*h = -41*h - 25489 + 74131. What are the prime factors of h?
2, 3, 11, 67
Let l be -4 + 40/(-8) + 6 - -240. Let s = -1 - -1. Suppose s = 5*o - 2*o - l. What are the prime factors of o?
79
Suppose 5*q - 12 = -2. List the prime factors of (1/(1 + 121/(-122)))/q.
61
Suppose 0 = -2*s + 32 + 48. Suppose 3*n = -j + s, -5*n + 52 = 2*j - 16. List the prime factors of n/(15/25 - 141/285).
2, 3, 19
Let a be (52/65)/(5/4075). Let r = a + 1211. What are the prime factors of r?
3, 23
Suppose 175*x = 196*x - 1142862. What are the prime factors of x?
2, 27211
Let h be 0/((-8)/(-4)) + 0. Suppose h = -3*m - 0*m + 291. What are the prime factors of m?
97
Suppose -321*c = -331*c - 40. Let u = 4 - 13. What are the prime factors of (-1)/(((-24)/u)/c)*46?
3, 23
Suppose 8*m - 9 = 23. Let j(u) = 5*u**3 + 6*u**2 - 11*u + 17. What are the prime factors of j(m)?
389
Suppose a - 20 = -3*y, -3*y + 40 = y - 2*a. Suppose 6*l + y*l = 2310. List the prime factors of l.
3, 5, 11
Suppose 0 = r + o - 4109, -12*r - 24669 = -18*r - o. What are the prime factors of r?
2, 257
Let d(x) = -x**3 - 4*x**2 - 5*x + 4. Let t be d(-3). Let y = -1659 + 2529. Suppose -5*h = -t*h + y. List the prime factors of h.
2, 3, 29
Let f be 19560/52 + (-10)/65. Let v be f - (-2 - (0 - 0)). Suppose v = -6*y + 12*y. What are the prime factors of y?
3, 7
Suppose 4*h + 5*w - 212266 = 0, 286*w + 106132 = 2*h + 288*w. What are the prime factors of h?
2, 3, 11, 67
Suppose 0 = -3*t - t + 4*g + 8696, 5*t - 10842 = -2*g. List the prime factors of t.
2, 5, 7, 31
Suppose 11*u - 47*u + 104508 = 0. What are the prime factors of u?
2903
Let g = -865 - -910. List the prime factors of (-31964)/(-22) + g/495.
1453
Let g = 21944 - 18340. List the prime factors of g.
2, 17, 53
Suppose -8 = -4*i - l + 4, -l = 5*i - 14. Let v be 18/4*i/3. Suppose 0 = -5*n + v*o + 317, o = 3*n - 0*n - 191. List the prime factors of n.
2
Let s(m) = 8*m**2 + 8*m**2 - m**3 - 3*m**2 + 15*m + 5 - 3*m**2. Suppose -3*z = -14 - 19. What are the prime factors of s(z)?
7
Suppose 18*h + 4*h = 0. Let a(z) = 64*z**2 + 2*z + 1. Let j be a(2). Suppose -3*c + 12*c - j = h. What are the prime factors of c?
29
Suppose 0*n - 4*g = -n - 4, -3*g + 10 = n. Suppose n*i - 3*o = 1968, 2*o + 2441 = 5*i + 3*o. Let u = i + -349. List the prime factors of u.
2, 5, 7
Let u(f) be the second derivative of 5/2*f**2 + 12*f + 1/6*f**4 - 5/3*f**3 + 0. List the prime factors of u(7).
3, 11
Let v = -2566 + 4295. List the prime factors of v.
7, 13, 19
Suppose 204 = 40